53987 a prime number?
True
Is 2445343 composite?
False
Is 12319 composite?
True
Is 5850049 a prime number?
True
Is 5471 a prime number?
True
Is 19121 composite?
False
Is 8581 a prime number?
True
Is 43177 a prime number?
True
Is 138289 composite?
False
Is 916387 prime?
True
Is 8341 prime?
False
Is 2309 a prime number?
True
Is 67267 composite?
True
Is 1011641 prime?
True
Is 140863 composite?
False
Is 2897 a composite number?
False
Is 28201 a composite number?
False
Is 177347 prime?
True
Is 551279 composite?
True
Is 36973 prime?
True
Is 32401 prime?
True
Is 1253237 a composite number?
True
Is 5989 prime?
False
Is 32347 a prime number?
False
Is 40459 prime?
True
Is 135163 composite?
True
Is 1633 a prime number?
False
Is 12379 prime?
True
Is 2939 a prime number?
True
Is 3223 composite?
True
Is 252271 a prime number?
False
Is 1649 composite?
True
Is 31001 composite?
True
Is 3883 prime?
False
Is 26473 a composite number?
True
Is 13837 prime?
False
Is 19301 a composite number?
False
Is 2062 composite?
True
Is 11051 composite?
True
Is 4903 a prime number?
True
Is 69521 prime?
False
Is 13235 prime?
False
Is 369581 composite?
False
Is 3365 composite?
True
Is 245759 prime?
True
Is 152717 composite?
False
Is 14489 a composite number?
False
Is 2216213 a composite number?
False
Is 39571 a composite number?
True
Is 113853 prime?
False
Is 6229 composite?
False
Is 8443 a composite number?
False
Is 21683 a prime number?
True
Is 758671 a prime number?
True
Is 2579 a prime number?
True
Is 4661 composite?
True
Is 738619 a composite number?
True
Is 322333 prime?
False
Is 22045 composite?
True
Is 96794 a prime number?
False
Is 150179 a prime number?
False
Is 16921 a prime number?
True
Is 143339 prime?
False
Is 44101 prime?
True
Is 60097 a prime number?
False
Is 45706 prime?
False
Is 205759 composite?
False
Is 514171 a prime number?
False
Is 209689 composite?
True
Is 26618 composite?
True
Is 50755 composite?
True
Is 29807 a composite number?
True
Is 256769 a prime number?
False
Is 441811 a prime number?
True
Is 10537 prime?
False
Is 95591 composite?
True
Is 169181 composite?
False
Is 192127 composite?
True
Is 600043 a prime number?
True
Is 10531 prime?
True
Is 158605 a composite number?
True
Is 1415991 a prime number?
False
Is 2918 prime?
False
Is 25873 a composite number?
False
Is 2881 composite?
True
Is 3513 a prime number?
False
Is 208457 a composite number?
False
Is 14689 a prime number?
False
Is 355841 a prime number?
True
Is 38219 a prime number?
True
Is 125423 a composite number?
False
Is 110455 a composite number?
True
Is 1279667 composite?
False
Is 284605 a prime number?
False
Is 5923 a composite number?
False
Is 41381 prime?
True
Is 23602 a composite number?
True
Is 331 composite?
False
Is 51131 a prime number?
True
Is 552469 a composite number?
False
Is 5029 a composite number?
True
Is 6239 prime?
False
Is 29647 prime?
False
Is 5287 prime?
False
Is 9053 a prime number?
False
Is 22147 a composite number?
False
Is 486071 prime?
True
Is 318371 prime?
False
Is 337607 a composite number?
False
Is 150287 a composite number?
False
Is 512137 composite?
False
Is 44293 prime?
True
Is 2749 composite?
False
Is 8209 a prime number?
True
Is 10057 prime?
False
Is 48847 composite?
False
Is 121591 composite?
False
Is 671543 prime?
False
Is 8314 composite?
True
Is 661333 prime?
False
Is 22641 a prime number?
False
Is 3739 composite?
False
Is 55907 a prime number?
False
Is 7615 a prime number?
False
Is 29077 a prime number?
True
Is 392911 a composite number?
False
Is 1280729 prime?
False
Is 18251 composite?
False
Is 13567 prime?
True
Is 229739 prime?
True
Is 45599 prime?
True
Is 1337863 prime?
False
Is 2569 prime?
False
Is 240637 a composite number?
True
Is 53167 prime?
False
Is 357967 a composite number?
False
Is 388459 prime?
True
Is 54633 prime?
False
Is 82781 a composite number?
False
Is 31847 composite?
False
Is 9277 a composite number?
False
Is 340283 a composite number?
False
Is 84259 a prime number?
False
Is 20563 prime?
True
Is 13343 a prime number?
False
Is 206837 prime?
False
Is 82255 a prime number?
False
Is 385019 a composite number?
True
Is 4955 prime?
False
Is 7899 prime?
False
Is 2477 a prime number?
True
Is 112231 a composite number?
True
Is 13397 a prime number?
True
Is 534377 prime?
False
Is 194077 a composite number?
True
Is 3989 a prime number?
True
Is 61327 prime?
False
Is 136127 composite?
True
Is 12767 a prime number?
False
Is 35671 a prime number?
True
Is 788813 a composite number?
False
Is 23497 composite?
False
Is 225385 composite?
True
Is 307061 composite?
True
Is 2076059 a composite number?
False
Is 4643 prime?
True
Is 30811 a prime number?
False
Is 6272401 composite?
False
Is 117281 a composite number?
False
Is 739 composite?
False
Is 293489 a composite number?
True
Is 20249 a prime number?
True
Is 68963 composite?
False
Is 379858 a composite number?
True
Is 983113 prime?
True
Is 442723 prime?
False
Is 136511 composite?
False
Is 73819 a composite number?
False
Is 3377 prime?
False
Is 31677 prime?
False
Is 10331 a prime number?
True
Is 6497 prime?
False
Is 26589 prime?
False
Is 222503 a prime number?
False
Is 43231 a composite number?
True
Is 25013 a prime number?
True
Is 141935 composite?
True
Is 3489269 a prime number?
False
Is 8059 prime?
True
Is 131143 composite?
False
Is 33311 a prime number?
True
Is 3163 composite?
False
Is 8263 a composite number?
False
Is 983 a composite number?
False
Is 662279 a composite number?
True
Is 24263 composite?
True
Is 276079 prime?
True
Is 3907 a prime number?
True
Is 2103 composite?
True
Is 966383 composite?
True
Is 741935 a prime number?
False
Is 4883 a prime number?
False
Is 66419 a composite number?
True
Is 27194 composite?
True
Is 125771 a prime number?
False
Is 9651 composite?
True
Is 7373 a prime number?
False
Is 18509 a composite number?
True
Is 572251 prime?
True
Is 5919 prime?
False
Is 14897 a prime number?
True
Is 1633 a prime number?
False
Is 1507 a prime number?
False
Is 1684729 composite?
True
Is 32543 prime?
False
Is 2963 composite?
False
Is 3371 a prime number?
True
Is 1076813 a composite number?
False
Is 146 a prime number?
False
Is 396071 a prime number?
False
Is 15859 composite?
False
Is 8483 composite?
True
Is 38299 composite?
False
Is 138203 a composite number?
True
Is 695455 a composite number?
True
Is 3799 prime?
False
Is 23983 a prime number?
False
Is 35671 composite?
False
Is 36665 a prime number?
False
Is 2942 composite?
True
Is 55222 a composite number?
True
Is 1013659 a prime number?
False
Is 850373 a prime number?
True
Is 1041 prime?
False
Is 167353 prime?
False
Is 8803 composite?
False
Is 437467 prime?
True
Is 688181 a composite number?
True
Is 134467 composite?
True
Is 45901 a prime number?
False
Is 10497 a prime number?
False
Is 1361 a prime number?
True
Is 74593 a prime number?
False
Is 99959 composite?
True
Is 84179 a composite number?
False
Is 31511 composite?
False
Is 226643 prime?
True
Is 74255 a prime number?
False
Is 20569 prime?
False
Is 62069 prime?
False
Is 33541 a composite number?
True
Is 1087 a composite number?
False
Is 33377 composite?
False
Is 407 composite?
True
Is 858278 composite?
True
Is 47095 a prime number?
False
Is 1009783 prime?
False
Is 38899 composite?
True
Is 103301 prime?
False
Is 2333 a prime number?
True
Is 259271 a prime number?
True
Is 6667 a composite number?
True
Is 1356965 a prime number?
False
Is 2562097 a prime number?
True
Is 481291 a prime number?
False
Is 1424273 prime?
False
Is 3545 composite?
True
Is 97103 a composite number?
False
Is 2578 a prime number?
False
Is 12527 a composite number?
False
Is 247699 prime?
False
Is 17023 a composite number?
True
Is 263 a prime number?
True
Is 765059 prime?
True
Is 3761 composite?
False
Is 32321 a prime number?
True
Is 103361 a composite number?
True
Is 132017 a composite number?
True
Is 7817 a prime number?
True
Is 178643 a composite number?
False
Is 1297139 prime?
True
Is 41443 prime?
True
Is 22315 prime?
False
Is 42641 a prime number?
True
Is 475253 a prime number?
False
Is 97807 composite?
True
Is 9773 prime?
False
Is 811043 a composite number?
True
Is 154097 a composite number?
False
Is 13507 a prime number?
False
Is 13453 prime?
False
Is 1411 a composite number?
True
Is 13199 composite?
T